 + 5*t + 5. Let l(g) = 2*g**2 - 2*g - 4. Let i(h) = 3*d(h) + 7*l(h). Let k(o) be the first derivative of i(o). What is k(-2)?
-7
Let q(s) = -4*s + 4*s + 2 + 5*s + 3*s. Calculate q(2).
18
Suppose 4*u - 17 = 5*r, -2*u + u + 3*r = -13. Suppose 6 = -h - 2*w, -h + 22 = 4*h - 3*w. Let d(y) = 4*y**h + y**2 - y - 7*y**2. Determine d(u).
-6
Let p(a) = -5*a**2 + 7*a - 2. Let j(y) = 3*y**2 - 4*y + 1. Let g(f) = 7*j(f) + 4*p(f). Suppose -m - 5 = w - 2, -5*m - 25 = -5*w. Calculate g(w).
0
Let k(m) = m**3 + 2*m + 3. Let o(b) = 5*b**2 - 1. Let g be o(1). Let c be (2/(-6))/(g/24). What is k(c)?
-9
Let q(j) = -j**2 + 7*j - 5. Let b be 0/(2 - (0 - 0)). Suppose r + 24 = 5*w - b*r, 4*w + r = 12. Determine q(w).
7
Let o(y) be the third derivative of y**4/24 - 4*y**3/3 + 4*y**2. What is o(6)?
-2
Let r(d) = d**2 - 4*d + 1. Let q be r(3). Let g be q*(15/(-6) - -3). Let k be (1 - g)*(-1)/2. Let t(c) = 7*c. Give t(k).
-7
Let s(m) = -m + 1 + 1 - 9. Let z = -1 + 4. Suppose 4*u - z + 23 = 0. Give s(u).
-2
Let w = -28 - -28. Let k(s) = s**3 + 2. What is k(w)?
2
Let f = -3263/24 - -136. Let g(m) be the third derivative of 3*m**2 - m**3 - f*m**4 + 0 + 0*m. Determine g(-5).
-1
Let t(u) = -u**3 - 5*u**2 + 6*u - 3. Suppose 3*o = 2*o + 5. Suppose o*b - 43 = 3*k, 0 = 4*b - 2*b - 10. Determine t(k).
-3
Let v be (2 + -3)/(-1 + 2). Let f(o) = -17*o**2 - o - 1. Calculate f(v).
-17
Let m = -13 - -22. Let i(l) = -3 + m*l**3 + 4*l**2 + 3*l**2 - 8*l**3. Determine i(-7).
-3
Suppose -5*q + 2*r + 31 = -2*q, -5*q - 2*r + 57 = 0. Let g(t) = 1 + 10*t**2 - 7*t - 2*t**2 + q*t - t**2 + t**3. Give g(-6).
13
Suppose -5*p - 27 = 3*y - 11, 4*y - 3*p + 2 = 0. Let d = 64 + -38. Let r(q) = -q - 23 + d - q**2 + 3*q. Give r(y).
-5
Let l(v) be the third derivative of v**5/60 - v**4/3 - 3*v**3/2 + 23*v**2. Determine l(9).
0
Let n(f) = f**2 - 12*f + 7. Let c be n(11). Let q(j) = j**2 + 4*j - 1. Calculate q(c).
-1
Let o(v) = v**2 + 11*v + 14. Let t be ((-20)/(-9) - 6/27)*-5. Calculate o(t).
4
Let r(p) = -p + 14. Suppose 4*c + 5*w - 20 = 3*w, 0 = -5*w - 20. What is r(c)?
7
Let q(u) be the second derivative of -u**3/2 + 2*u**2 + 16*u. Give q(-5).
19
Let t(o) = -2*o**3 + o**2 + 3*o + 1. Let g(q) = q**3 - q. Let c(m) = -7*g(m) - 2*t(m). Calculate c(-2).
12
Let h = -133 + 137. Let y(m) be the third derivative of -1/6*m**h + 0*m + 1/60*m**5 + 0 - 4*m**2 + 0*m**3. What is y(5)?
5
Let y be 23/4 - 4/(-16). Let g(r) = r**2 - 7*r + 3. Calculate g(y).
-3
Suppose -4*z = -2*b - 62, 2*z + z - b = 46. Suppose 0 = z*h - 10*h - 25. Let m(j) = 3*j - 2. Calculate m(h).
13
Let q(l) = -7*l**3 - 2*l**2 + 2*l - 1. Let n be ((-20)/(-5) - 3) + 0. Give q(n).
-8
Let t(v) = -v**3 - 4*v**2 - 2*v - 5. Let p be t(-4). Let d(w) = 1 - 5 - w + 0*w + 5. Give d(p).
-2
Suppose -5*c - 10 = 5*n, c = -0*c - 2. Suppose n - 2 = 2*l. Let w(o) = o**2 + 2*o + 1. What is w(l)?
0
Suppose 28 = -h + 5*h. Let j(q) be the first derivative of q**3/3 - 7*q**2/2 + 7*q + 3. What is j(h)?
7
Suppose 3*w + 15 = 0, -5*u + 2*w = -3*w - 25. Suppose u*s = -s. Let n(m) = m**3. Calculate n(s).
0
Let t(u) = -3*u - 13. Let n(r) = r + 6. Let o(a) = -9*n(a) - 4*t(a). Let j be 5 - (-1 - (2 - 5)). Give o(j).
7
Let y be (-8)/(-5) + (-4)/(-10). Let p(h) = -4*h + 5*h + 0 - y + 6. What is p(-3)?
1
Let a be (-2)/7 - ((-115)/35 + 3). Let z(u) = u**3 - u**2 - u + 1. What is z(a)?
1
Let i = 0 + 0. Let j(y) be the second derivative of -1/6*y**3 + 2*y + 0 + 1/12*y**4 + y**2. Calculate j(i).
2
Let x = 5 + -3. Let m(f) = 2*f**2 + 0*f + 0*f**2 + 3*f**x - f. Calculate m(1).
4
Let q(a) = -a**2 + 3*a + 7. Let l be (-2)/(-4) + (-114)/(-12) + -4. Determine q(l).
-11
Let o(c) = c + 5. Suppose 0 = -4*m + 3*z + 2 + 1, 2*m = -z - 11. What is o(m)?
2
Let r(l) = 8*l**2 - 7*l - 3. Let p(w) = -3*w**2 + 2*w + 1. Suppose 2*c - 5*c + d + 38 = 0, -5*d - 69 = -4*c. Let b(g) = c*p(g) + 4*r(g). Calculate b(-5).
4
Let c(h) be the second derivative of -h**7/2520 - h**6/240 - h**5/20 + h**4/6 - 4*h. Let l(o) be the third derivative of c(o). Calculate l(-4).
-10
Let q(x) = 3*x**3 - x**2 - 2*x - 2. Let d be q(-1). Let r(s) = 683 - 683 - 2*s. Determine r(d).
8
Suppose -11*v + 6*v + 5 = 0. Let o(b) = 35*b**2 + 8*b - 13. Let j(k) = -9*k**2 - 2*k + 3. Let a(f) = -9*j(f) - 2*o(f). What is a(v)?
12
Let c(t) = -6*t - 64. Let a be c(-12). Let w(g) = -g**3 + 9*g**2 - 9*g + 12. Calculate w(a).
4
Suppose 0 = -4*a + 2*v - 3 + 15, v = -a + 6. Let i(o) = 1 - 3 + 3*o + 4*o - 6*o. Determine i(a).
2
Let p(q) = 4*q + 1. Let t(o) = o + 3. Let f be t(-4). Let m be p(f). Let n(u) = -u - 3. What is n(m)?
0
Let f = -4 + 7. Suppose -3*v = -6*v + 6. Let o(q) = 0*q**f - 7*q**2 + 7*q**v - 5*q**3. Determine o(-1).
5
Let v(c) = -c**3 - 8*c**2 - 6*c + 11. Let s be v(-7). Let r(a) = -a**2 + 5*a + 1. What is r(s)?
5
Let l be (1 + 2)*4/6. Let k(b) = b**2 + b - 1. Let c be k(-3). Let h(y) = 5*y**l + y**3 - 5*y**3 + 4 - 1 - c*y + 3*y**3. Give h(3).
6
Let q(b) be the second derivative of -b**5/20 - b**4/3 - 2*b**3/3 - b**2/2 + b. Suppose -2*v = 2*w + v, 4*w - 2*v = -16. Determine q(w).
2
Let y(m) = m. Let c = -1 + 1. Suppose c = -5*z + 2*z. Calculate y(z).
0
Let c(q) be the third derivative of 1/10*q**5 - 3*q**2 - 1/120*q**6 - 7/6*q**3 - 5/24*q**4 + 0 + 0*q. Calculate c(5).
-7
Suppose -5*c = -25, -l + 1 = 4*c - 3*c. Let s(h) = h - 3. Calculate s(l).
-7
Let w be 2 + (0 - 1) + 2. Suppose i - w*i - 2*z - 16 = 0, -26 = 3*i + 4*z. Let h be 1/2*(4 + i). Let y(d) = -d**2 + d + 1. What is y(h)?
-1
Let d = 3 - 7. Let p be (2/d)/(6/48). Let w(v) = -v**2 - 2*v + 2. Calculate w(p).
-6
Let h(a) = -a**3 - 6*a**2 - 5*a + 1. Let m = -5 - -7. Suppose -m*f = 2*t + t - 37, 61 = 5*t + 3*f. Let l = 6 - t. Calculate h(l).
1
Let f(w) = -w**3 - 3. Let b be (-2)/(-10) + 1/(-5). Let g = b + 0. Calculate f(g).
-3
Let v(s) be the third derivative of -s**5/60 - s**4/3 + 3*s**3/2 - 2*s**2. Let y be v(-9). Suppose -3*k + 0*k - 6 = y. Let t(g) = -3*g**2 - g + 1. Give t(k).
-9
Let t(h) = -7*h**3 + 2*h**2 + 2*h - 9. Let w(m) = -3*m + 21 + 6*m**3 - 2*m**2 + m - 13. Let l(y) = -5*t(y) - 6*w(y). Determine l(3).
-6
Let o(v) be the first derivative of v**2/2 + 2*v + 7. Give o(-7).
-5
Let t(d) = 3*d**2 - 19*d - 7. Let m(c) = c**2 - 7*c - 2. Let w(s) = -8*m(s) + 3*t(s). Suppose 0 = -2*y - y. Give w(y).
-5
Let u = 15 + -18. Let w(z) = 0 - 3 + z + 0. What is w(u)?
-6
Let a(y) = 6 - 2 + 0*y - y + 1. Calculate a(4).
1
Let s(h) = -4*h - 65. Let o be s(-14). Let r(j) = -j**3 - 10*j**2 - 7*j + 10. Calculate r(o).
-8
Let q = -18 - -5. Let a(w) = w + 9. Let h be a(q). Let m(r) = 5*r**2 + 6*r + 0*r**2 + 2 - 4*r**2. Calculate m(h).
-6
Let b(c) = c - 5. Suppose -5*h = g - 4*g - 9, -5*g = 5*h - 25. Suppose -3 - 1 = -g*x. Suppose x = 5*r - 18. Calculate b(r).
-1
Suppose -3*g + 0*g = -3*o - 3, 0 = 5*o + 3*g - 27. Let z(b) = 3 - b**2 - 2*b - o*b + b. What is z(-4)?
3
Let j(z) = 0 + z + 0*z - 1 + 3. What is j(-2)?
0
Let p(z) be the first derivative of z**2/2 - z + 3. Give p(-5).
-6
Let m(h) be the third derivative of -h**4/12 - h**3/3 - 9*h**2. Calculate m(-6).
10
Let p be 2/(-1) + 5 + 3. Let f be p/4*(-20)/6. Let n(j) = 2*j + 6. Give n(f).
-4
Suppose 4*n + 5*t = 29 + 6, 8 = 4*n - 4*t. Suppose 1 = n*p - 14. Let q(k) = -1 - 2*k**2 - 1 - 3*k + p*k**2 - 3*k**2. What is q(-2)?
-4
Let p(r) = r. Let c(v) = 3*v. Let d(n) = -c(n) + 4*p(n). Let w(s) = -s**3 + s**2 + 3. Let q be w(0). Suppose 4*b = q + 5. Give d(b).
2
Suppose 0*b - 28 = -4*b. Let p(h) = h**3 - 8*h**2 + 6*h + 3. Determine p(b).
-4
Let x(w) be the third derivative of -w**5/60 - w**4/8 - w**3/3 - 11*w**2. Let v be -1 + (1/1)/(-1). Determine x(v).
0
Let t be 6/4*2 + 3. Let l(x) = 0*x - x**2 + x + t - 5. Calculate l(0).
1
Let r(g) be the first derivative of -5*g + 8*g - g**2 + 2*g**2 - 7. Give r(-2).
-1
Suppose 5*v = -5 - 5, -3*i + 4*v + 23 = 0. Suppose -b = 3*a - 14, -15 = -5*a + i. Let k(u) = b + 2 + u - 3 + 1. Give k(4).
6
Let m(h) be the third derivative of -1/24*h**4 + 0 - 2*h**2 + 0*h + 1/60*h**5 - 1/6*h**3 - 1/60*h**6. Give m(-1).
3
Let q(x) = -13*x + 38. Let s(h) = -4*h + 12. Let i(z) = -2*q(z) + 7*s(z). Calculate i(6).
-4
Let l(o) = -o**2 - 4*o + 3. Let m be ((-12)/10)/(12/40). Calculate l(m).
3
Let q(w) = 4 - 3*w - 2*w + w - 2. Let g(y) = 12*y - 6. Let t(l) = -6*g(l) - 17*q(l). Give t(2).
-6
Let i = -5 - -8. Let d = i + -1. Let l(g) be the s